3
In base 7, what is 4 - -140064?
140101
In base 15, what is c754 - 5a?
c6e9
In base 2, what is -101 + 111111100001100100?
111111100001011111
In base 5, what is -3403242 - 24?
-3403321
In base 12, what is 17677 - -3?
1767a
In base 12, what is -4 - -3112?
310a
In base 8, what is -1013 - -267?
-524
In base 11, what is 68a6 + -8?
6899
In base 14, what is 5a1a - 5?
5a15
In base 6, what is -5011523 - 1?
-5011524
In base 16, what is 2507c - -3?
2507f
In base 15, what is a82 - -24?
aa6
In base 12, what is 1622 - 9?
1615
In base 8, what is -457140 + 5?
-457133
In base 7, what is 1 + 1211526?
1211530
In base 10, what is -2263356 - 2?
-2263358
In base 8, what is -10271 + -243?
-10534
In base 14, what is 14885 + 1?
14886
In base 3, what is 1121221010012 + -12?
1121221010000
In base 2, what is -11110 - -100100100010111?
100100011111001
In base 6, what is -254022 + 5?
-254013
In base 2, what is 10001101111101101 - 0?
10001101111101101
In base 8, what is 21543 - 144?
21377
In base 3, what is 100202 - 2011?
21121
In base 4, what is 3223100 + -310?
3222130
In base 13, what is -5 + 3b612?
3b60a
In base 12, what is -335911 - 5?
-335916
In base 5, what is -10320024 - -20?
-10320004
In base 14, what is 1c4 + -c?
1b6
In base 3, what is 11 - -111012100?
111012111
In base 9, what is 3103565 + 3?
3103568
In base 8, what is -27177 - 105?
-27304
In base 11, what is 62 + 13117?
13179
In base 5, what is 20 + -301010?
-300440
In base 14, what is -190 - 1096?
-1246
In base 9, what is -6 - 106141?
-106147
In base 11, what is 421 + -115?
307
In base 4, what is 2120000 - -300?
2120300
In base 3, what is 20122111 + -22210?
20022201
In base 15, what is 0 + -60aa?
-60aa
In base 3, what is 1 - 1121112002?
-1121112001
In base 13, what is 465 - -38?
4a0
In base 7, what is -16253243 + -2?
-16253245
In base 9, what is 11 + -74544?
-74533
In base 11, what is 0 + -36807?
-36807
In base 16, what is 1cf5 + 136?
1e2b
In base 4, what is 1 - -1021131012?
1021131013
In base 4, what is 1100121 + -32?
1100023
In base 3, what is 0 + -2110220200?
-2110220200
In base 11, what is -4324 - 90?
-4404
In base 8, what is -47 - 63?
-132
In base 3, what is -22201210 - -1120?
-22200020
In base 12, what is 279b + 62?
2841
In base 12, what is -2612b42 + 4?
-2612b3a
In base 10, what is -1 - -4310?
4309
In base 4, what is -11231200 - -133?
-11231001
In base 6, what is -4 - 114414?
-114422
In base 4, what is -11 - 3020002?
-3020013
In base 9, what is 800 + 330?
1230
In base 3, what is -220222220 + -11?
-221000001
In base 3, what is -1011220 - -2220?
-1002000
In base 15, what is -475a - 32?
-478c
In base 2, what is -1101111010000 - -1110000101?
-1100001001011
In base 7, what is 4 + 213226?
213233
In base 10, what is -616049 - 1?
-616050
In base 15, what is -747c + 15?
-7467
In base 14, what is 5285 - -18?
529d
In base 9, what is -8 - -135873?
135864
In base 13, what is -164 - -5bb?
457
In base 3, what is 20020 + 1212?
22002
In base 10, what is 4 - -1292503?
1292507
In base 4, what is -11202303 - 22?
-11202331
In base 2, what is 1011111111 + -10010?
1011101101
In base 7, what is -62 - 34536?
-34631
In base 10, what is 3 - 154797?
-154794
In base 15, what is -6a0 + 43a?
-265
In base 8, what is 372317 - 6?
372311
In base 10, what is 140 + -1744?
-1604
In base 11, what is -52225 + -3?
-52228
In base 6, what is -15213 - -521?
-14252
In base 8, what is -4155 - 524?
-4701
In base 12, what is 6a08 - -3a?
6a46
In base 13, what is 998 + -29?
96c
In base 14, what is db8 + -5?
db3
In base 10, what is 51 - -175152?
175203
In base 5, what is -1301 + 1023?
-223
In base 2, what is -10100100101000110 + -1?
-10100100101000111
In base 3, what is -1 - 220011200?
-220011201
In base 8, what is 11041 + 1?
11042
In base 11, what is a7494 + 4?
a7498
In base 13, what is -1b05 - 72?
-1b77
In base 8, what is 3214442 + -2?
3214440
In base 13, what is -b + 40bc?
40b1
In base 10, what is 36186 - 3?
36183
In base 6, what is 324 - -33243?
34011
In base 11, what is -23 + 410?
398
In base 2, what is 11110101 + 10001011110?
10101010011
In base 11, what is -4 + -4a57?
-4a60
In base 11, what is -10a50 + -4?
-10a54
In base 5, what is 21412 + -440?
20422
In base 12, what is 73 - 98?
-25
In base 4, what is -111320 - -33?
-111221
In base 9, what is -226 + -7771?
-8107
In base 13, what is -416 - 1a00?
-2116
In base 13, what is -8600 - b?
-860b
In base 10, what is -768 - 1178?
-1946
In base 6, what is -13111 + -311?
-13422
In base 14, what is -6cc7 - 1?
-6cc8
In base 11, what is -4 + -3895?
-3899
In base 13, what is -1287 - a2?
-1359
In base 8, what is 0 - -21061?
21061
In base 11, what is -8a285 - 5?
-8a28a
In base 14, what is 3338 - 0?
3338
In base 11, what is 58768 + -2?
58766
In base 6, what is -453345 + -3?
-453352
In base 4, what is 210221 - 1022?
203133
In base 9, what is 5434 - 438?
4885
In base 5, what is 1333302 - -3?
1333310
In base 16, what is -3 - -f57?
f54
In base 13, what is -21912 - -1?
-21911
In base 15, what is -31 - -1c8?
197
In base 3, what is -120002012 + -112?
-120002201
In base 7, what is 4 + 65203?
65210
In base 12, what is -154a - -80?
-148a
In base 14, what is 141 - 5a3?
-462
In base 16, what is -1 - 4b8d?
-4b8e
In base 13, what is -123915 - -5?
-123910
In base 2, what is -11110110010010 + 101001?
-11110101101001
In base 7, what is 1252554 - 0?
1252554
In base 8, what is -10743 + 55?
-10666
In base 13, what is -5782 - -11?
-5771
In base 14, what is 1 - -6d45?
6d46
In base 14, what is a + -443c?
-4432
In base 5, what is 31012111 - 4?
31012102
In base 15, what is 663b + 4?
6640
In base 9, what is -5 - 21211?
-21216
In base 11, what is 4 + -9422?
-9419
In base 9, what is 36037 - -13?
36051
In base 4, what is 1121 + 3230?
11011
In base 15, what is 1b + -15e56?
-15e3a
In base 15, what is 4 + -5309?
-5305
In base 3, what is -11000221 - -110200?
-10120021
In base 10, what is 4 + -4268?
-4264
In base 5, what is 1142432 - 20?
1142412
In base 15, what is d313 + -5?
d30d
In base 8, what is 2 + -152223?
-152221
In base 3, what is 10 - -201122110?
201122120
In base 9, what is 137 - 10663?
-10525
In base 4, what is -13 - -22013?
22000
In base 6, what is 23242245 - -1?
23242250
In base 5, what is 4 + 4141?
4200
In base 12, what is 10861 - 0?
10861
In base 13, what is -130a + -221?
-152b
In base 9, what is 7 + -245?
-237
In base 8, what is -163720 + 3?
-163715
In base 13, what is 315b - 1b?
3140
In base 4, what is -2100032 + 200?
-2033232
In base 13, what is 5 - -5a4?
5a9
In base 16, what is -48 + -5c?
-a4
In base 14, what is 15 + -19b3?
-199c
In base 14, what is 1753 - -3?
1756
In base 4, what is -32 + 1113231?
1113133
In base 2, what is 1001111111 + 10000?
1010001111
In base 6, what is 14040532 - -4?
14040540
In base 9, what is -1 - -2014501?
2014500
In base 12, what is 46 - 108a?
-1044
In base 10, what is -5 + 105907?
105902
In base 7, what is -2514 + -6342?
-12156
In base 15, what is 1 + -9d090?
-9d08e
In base 2, what is 110001101001 + -11?
110001100110
In base 14, what is -84983 + a?
-84977
In base 8, what is 55 - -3157?
3234
In base 6, what is 142 + 5425?
10011
In base 13, what is 3 - -15bc66?
15bc69
In base 9, what is -3 - 301332?
-301335
In base 11, what is 2 - 8596?
-8594
In base 11, what is 928 + -272?
666
In base 7, what is 2 + -66306?
-66304
In base 7, what is -23463450 - -5?
-23463442
In base 11, what is -5 - 6076?
-6080
In base 16, what is 2db0c + -1?
2db0b
In base 15, what is 4 + 70952?
70956
In base 3, what is 2221010211220 - 10?
2221010211210
In base 9, what is 12 + -14228?
-14216
In base 12, what is -6b32 - -4?
-6b2a
In base 13, what is 6 - c8c?
-c86
In base 5, what is 2043 + -101134?
-44041
In base 3, what is -11 + -1011110112200?
-1011110112211
In base 10, what is -6 + -69855?
-69861
In base 14, what is -422c + -a?
-4238
In base 5, what is 121112 + 20?
121132
In base 15, what is b9 - -1b17?
1bd1
In base 12, what is -18 - -20183?
20167
In base 15, what is 52ac - 21?
528b
In base 2, what is -101 - 1111010100100001?
-1111010100100110
In base 10, what is 874 + -920?
-46
In base 10, what is -1 - -4176?
4175
In base 16, what is 32 + 79?
ab
In base 16, what is -a + e68?
e5e
In base 13, what is 498 + 8c1?
1089
In base 2, what is -1 + 10011110110111?
10011110110110
In base 4, what is 101 - 103133?
-103032
In base 3, what is 2202